{"id":7537,"date":"2023-05-01T11:00:20","date_gmt":"2023-05-01T09:00:20","guid":{"rendered":"http:\/\/stjac.be\/?page_id=7537"},"modified":"2024-03-28T12:34:55","modified_gmt":"2024-03-28T11:34:55","slug":"les-rendez-vous-musicaux-de-saint-jacques","status":"publish","type":"page","link":"https:\/\/stjac.be\/?page_id=7537","title":{"rendered":"Les Rendez-vous Musicaux de Saint-Jacques"},"content":{"rendered":"<p>[et_pb_section fb_built=&#8221;1&#8243; _builder_version=&#8221;4.21.0&#8243; _module_preset=&#8221;default&#8221; global_colors_info=&#8221;{}&#8221;][et_pb_row column_structure=&#8221;1_2,1_2&#8243; _builder_version=&#8221;4.21.0&#8243; _module_preset=&#8221;default&#8221; global_colors_info=&#8221;{}&#8221;][et_pb_column type=&#8221;1_2&#8243; _builder_version=&#8221;4.21.0&#8243; _module_preset=&#8221;default&#8221; global_colors_info=&#8221;{}&#8221;][et_pb_text _builder_version=&#8221;4.23.4&#8243; _module_preset=&#8221;default&#8221; hover_enabled=&#8221;0&#8243; global_colors_info=&#8221;{}&#8221; sticky_enabled=&#8221;0&#8243;]<\/p>\n<p style=\"text-align: justify;\">Du 21 avril au 12 mai 2024, rendez-vous les <strong>dimanche apr\u00e8s-midi<\/strong>\u00a0dans le Quartier Saint-Jacques de Bruxelles pour un\u00a0<strong>festival de musique classique<\/strong>.<\/p>\n<p style=\"text-align: justify;\"><strong>Les Rendez-Vous Musicaux de Saint-Jacques<\/strong><\/p>\n<p style=\"text-align: justify;\"><u>O\u00f9<\/u>\u00a0?<br \/>Dans la superbe \u00e9glise baroque de Notre Dame de Bon Secours, au num\u00e9ro 91 de la rue du March\u00e9 au Charbon \u00e0 1000 Bruxelles.<\/p>\n<p style=\"text-align: justify;\"><u>Quand<\/u> ?<br \/>Les dimanches 21 avril, 28 avril, 5 mai et 12 mai \u00e0 16h.<\/p>\n<p><span style=\"text-decoration: underline;\">Tickets<\/span> ?<br \/>Reservez vos tickets <span style=\"text-decoration: underline;\"><a href=\"https:\/\/docs.google.com\/forms\/d\/e\/1FAIpQLSd-Jp_nQ5CHBAQrYfJfkjpMWkmPxeBR_FguyG9XHUJcBLajGg\/viewform?usp=sf_link\" target=\"_blank\" rel=\"noopener\">ici<\/a><\/span>.<\/p>\n<p>Avec le soutien de la Ville de Bruxelles, la F\u00e9d\u00e9ration Wallonie-Bruxelles et de l\u2019Association du Quartier Saint-Jacques<\/p>\n<p style=\"text-align: justify;\">A l\u2019issue du concert vous aurez l\u2019occasion de partager un verre avec les musiciens dans les \u00e9tablissements voisins.<\/p>\n<p><strong>Le Quartier Saint-Jacques de Bruxelles<\/strong><\/p>\n<p style=\"text-align: justify;\">Avant ou apr\u00e8s le concert, venez fl\u00e2ner dans ses ruelles m\u00e9di\u00e9vales et visitez ses estaminets, ses bars tendance et ses nombreux restaurants (<span style=\"text-decoration: underline;\"><a href=\"http:\/\/stjac.be\/?page_id=3616\" target=\"_blank\" rel=\"noopener\">plus d\u2019info<\/a><\/span>). De nombreux commerces sont ouverts le dimanche. Faites les boutiques dans ses commerces uniques. Laissez-vous \u00e9merveiller par le savoir-faire de ses artisans et de ses cr\u00e9ateurs. Les amateurs de bandes dessin\u00e9es, de musique, d\u2019articles de f\u00eate et de vintage seront particuli\u00e8rement combl\u00e9s, ainsi que les collectionneurs et les gourmands (<span style=\"text-decoration: underline;\"><a href=\"http:\/\/stjac.be\/?page_id=1631\" target=\"_blank\" rel=\"noopener\">plus d\u2019info<\/a><\/span>).<\/p>\n<p style=\"text-align: justify;\">Le village au c\u0153ur de Bruxelles\u00a0: le Quartier Saint-Jacques, qui a plus de mille ans d\u2019histoire, est un quartier branch\u00e9 du centre-ville de Bruxelles. C\u2019est le quartier de Madame Chapeau, de Jacques Brel et de Manneken Pis, le plus c\u00e9l\u00e8bre ketje bruxellois. C\u2019est aussi le lieu de rencontre de la communaut\u00e9 LGTBQIA+.<\/p>\n<p>[\/et_pb_text][\/et_pb_column][et_pb_column type=&#8221;1_2&#8243; _builder_version=&#8221;4.21.0&#8243; _module_preset=&#8221;default&#8221; global_colors_info=&#8221;{}&#8221;][et_pb_image src=&#8221;http:\/\/stjac.be\/wp-content\/uploads\/2024\/03\/Affiche-FINALE-JPG.jpg&#8221; title_text=&#8221;Affiche FINALE JPG&#8221; _builder_version=&#8221;4.23.4&#8243; _module_preset=&#8221;default&#8221; global_colors_info=&#8221;{}&#8221;][\/et_pb_image][et_pb_text _builder_version=&#8221;4.21.0&#8243; _module_preset=&#8221;default&#8221; global_colors_info=&#8221;{}&#8221;]<\/p>\n<p style=\"padding-left: 40px;\"><strong>Contact<\/strong><br \/>Fr\u00e9d\u00e9ric Chaine<br \/><span style=\"text-decoration: underline;\"><a href=\"mailto:chainefrederic@gmail.com\">chainefrederic@gmail.com<\/a><\/span><br \/>0471 04 03 67<\/p>\n<p>[\/et_pb_text][et_pb_text _builder_version=&#8221;4.21.0&#8243; _module_preset=&#8221;default&#8221; global_colors_info=&#8221;{}&#8221;][\/et_pb_text][\/et_pb_column][\/et_pb_row][et_pb_row column_structure=&#8221;1_2,1_2&#8243; _builder_version=&#8221;4.23.4&#8243; _module_preset=&#8221;default&#8221; global_colors_info=&#8221;{}&#8221;][et_pb_column type=&#8221;1_2&#8243; _builder_version=&#8221;4.21.0&#8243; _module_preset=&#8221;default&#8221; global_colors_info=&#8221;{}&#8221;][et_pb_text _builder_version=&#8221;4.23.4&#8243; _module_preset=&#8221;default&#8221; global_colors_info=&#8221;{}&#8221;]<\/p>\n<p><strong>Le 21 avril \u00e0 16 h &#8211; 15 EUR<\/strong><\/p>\n<p><em>L\u2019Ensemble Orchestral Europ\u00e9en<br \/>D<span>irection : Fr\u00e9d\u00e9ric Chaine<\/span><\/em><\/p>\n<p><em> <\/em><\/p>\n<p><em><\/em><\/p>\n<ul>\n<li>Wolfgang Amadeus Mozart &#8211; Divertimento en si b\u00e9mol majeur KV 137<\/li>\n<li>Josef SUK &#8211; S\u00e9r\u00e9nade pour cordes Op.6<\/li>\n<li>Joaqu\u00edn Turina &#8211; La Oraci\u00f3n del torero Op.34<\/li>\n<\/ul>\n<p>[\/et_pb_text][et_pb_image src=&#8221;http:\/\/stjac.be\/wp-content\/uploads\/2024\/03\/PHOTO-Ensemble-Orchestral-Europeen-scaled.jpg&#8221; title_text=&#8221;PHOTO Ensemble Orchestral Europ\u00e9en&#8221; _builder_version=&#8221;4.23.4&#8243; _module_preset=&#8221;default&#8221; global_colors_info=&#8221;{}&#8221;][\/et_pb_image][et_pb_text _builder_version=&#8221;4.23.4&#8243; _module_preset=&#8221;default&#8221; global_colors_info=&#8221;{}&#8221;]<\/p>\n<p><strong>Le 5 mai \u00e0 16 h &#8211; 10 EUR<\/strong><\/p>\n<p><em>Quartet 508<\/em><\/p>\n<p style=\"text-align: justify;\">Jazz manouche \u2013 Gipsy jazz<\/p>\n<p><span style=\"font-family: arial, sans-serif;\"><span>Quartet 508 est un quatuor Bruxellois de jazz manouche cr\u00e9\u00e9 en 2019 par le guitariste Rafa\u00ebl Gouirand et par sa rencontre avec le violoniste Livio Luzzi. Leur r\u00e9pertoire est influenc\u00e9 par l\u2019ensemble de la carri\u00e8re de <\/span><span style=\"text-decoration: underline;\"><a href=\"https:\/\/fr.wikipedia.org\/wiki\/Django_Reinhardt\" rel=\"noopener\" target=\"_blank\" data-saferedirecturl=\"https:\/\/www.google.com\/url?q=https:\/\/fr.wikipedia.org\/wiki\/Django_Reinhardt&amp;source=gmail&amp;ust=1711570615601000&amp;usg=AOvVaw2PuM0pnx-bxVUA26KNW_z6\">Django Reinhardt<\/a><\/span><span>\u00a0et par les musiciens qui s\u2019associent avec lui comme Hubert Rostaing, Gus Viseur et bien s\u00fbr\u00a0<\/span><span style=\"text-decoration: underline;\"><a href=\"https:\/\/fr.wikipedia.org\/wiki\/St%C3%A9phane_Grappelli\" rel=\"noopener\" target=\"_blank\" data-saferedirecturl=\"https:\/\/www.google.com\/url?q=https:\/\/fr.wikipedia.org\/wiki\/St%25C3%25A9phane_Grappelli&amp;source=gmail&amp;ust=1711570615601000&amp;usg=AOvVaw0jWOgu_goiecZQZOTc0sB0\">St\u00e9phane Grappelli<\/a><\/span><span>. L\u2019esth\u00e9tique du Quartet 508 se veut l\u00e9g\u00e8re et entra\u00eenante, \u00e9l\u00e9gante et remplie de gaiet\u00e9 \u2026<\/span><\/span><\/p>\n<p>&nbsp;<\/p>\n<div><em>Violon : Livio Luzzi<\/em><br \/><em>Guitare : Rafael Gouirand<\/em><br \/><em>Guitare : Fr\u00e9d\u00e9ric Gu\u00e9don<\/em><br \/><em>Contrebasse : Antoine Guiot<\/em><\/div>\n<p>[\/et_pb_text][et_pb_image src=&#8221;http:\/\/stjac.be\/wp-content\/uploads\/2024\/03\/PHOTO-Quartet508.jpeg&#8221; title_text=&#8221;PHOTO Quartet508&#8243; _builder_version=&#8221;4.23.4&#8243; _module_preset=&#8221;default&#8221; global_colors_info=&#8221;{}&#8221;][\/et_pb_image][\/et_pb_column][et_pb_column type=&#8221;1_2&#8243; _builder_version=&#8221;4.21.0&#8243; _module_preset=&#8221;default&#8221; global_colors_info=&#8221;{}&#8221;][et_pb_text _builder_version=&#8221;4.23.4&#8243; _module_preset=&#8221;default&#8221; global_colors_info=&#8221;{}&#8221;]<\/p>\n<p><strong>Le 28 avril \u00e0 16 h &#8211; 10 EUR<\/strong><\/p>\n<p><em>Quatuor Avril<\/em><\/p>\n<p><em> <\/em><\/p>\n<p><em>Violon : Anouk Lapaire<\/em><br \/><em>Violon : H\u00e9l\u00e8ne Dozot<\/em><br \/><em>Alto : Maxime de Petter<\/em><br \/><em>Violoncelle : Alexandre Bughin<\/em><\/p>\n<p><em> <\/em><\/p>\n<p><em><\/em><b><\/b>Hommage aux compositrices \u2013 Ode aan vrouwelijke componisten<\/p>\n<ul>\n<li>Fanny Mendelssohn &#8211; Quatuor en mi b\u00e9mol majeur(mvts I et II)<\/li>\n<li>Ethel Smyth &#8211; Quatuor en mi mineur (mvt II)<\/li>\n<li>Rebecca Clarke -&#8220;Poem&#8221; pour quatuor \u00e0 cordes<\/li>\n<li>Florence Price &#8211; Quatuor en la mineur (mvts II et III)<\/li>\n<li>Germaine Tailleferre &#8211; Quatuor \u00e0 cordes (mvts I et II)<\/li>\n<li>Charlotte Sohy &#8211; Premier Quatuor &#8220;Volont\u00e9&#8221; et &#8220;Badinage&#8221; (mvt III et IV)<\/li>\n<li>Line Adam &#8211; &#8220;Amazone&#8221; et &#8220;Confiture de prunes&#8221;<\/li>\n<\/ul>\n<p>[\/et_pb_text][et_pb_image src=&#8221;http:\/\/stjac.be\/wp-content\/uploads\/2024\/03\/PHOTO-Quatuor-Avril-Photo-Mireille-Delvaux.png&#8221; title_text=&#8221;PHOTO Quatuor Avril &#8211; Photo Mireille Delvaux&#8221; align=&#8221;center&#8221; _builder_version=&#8221;4.23.4&#8243; _module_preset=&#8221;default&#8221; max_width=&#8221;100%&#8221; global_colors_info=&#8221;{}&#8221;][\/et_pb_image][et_pb_text _builder_version=&#8221;4.23.4&#8243; _module_preset=&#8221;default&#8221; global_colors_info=&#8221;{}&#8221;]<\/p>\n<p><strong>Le 12 mai \u00e0 16 h &#8211; 10 EUR<\/strong><\/p>\n<p><em>Fr\u00e9d\u00e9ric Chaine Trio<\/p>\n<p><\/em>Jazz manouche &#8211; Gypsy jazz<\/p>\n<p><span style=\"text-align: justify;\"><span style=\"font-family: arial, sans-serif;\"><span style=\"color: #000000;\">Associant sa formation classique et l\u2019improvisation jazz, Fr\u00e9d\u00e9ric Chaine joue du violon jazz dans la tradition de St\u00e9phane Grappelli. Rassemblant les<\/span><\/span><\/span><span style=\"text-align: justify;\"><span style=\"font-family: arial, sans-serif;\"><span style=\"color: #000000;\">\u00a0virtuoses Benjamin Cl\u00e9ment et Vilmos Csikos, cette\u00a0formation acoustique interpr\u00e9tera les plus grands standards de la p\u00e9riode swing.<\/span><\/span><\/span><\/p>\n<div style=\"text-align: justify;\">\n<p>&nbsp;<\/p>\n<\/div>\n<div><em>Violon : Fr\u00e9d\u00e9ric Chaine<\/em><br \/><em>Guitare : Benjamin Cl\u00e9ment<\/em><br \/><em>Contrebasse : Vilmos Csikos<\/em><\/div>\n<p>[\/et_pb_text][et_pb_image src=&#8221;http:\/\/stjac.be\/wp-content\/uploads\/2024\/03\/PHOTO-Frederic-Chaine-Violon-scaled.jpg&#8221; title_text=&#8221;PHOTO Fr\u00e9d\u00e9ric Chaine-Violon&#8221; _builder_version=&#8221;4.23.4&#8243; _module_preset=&#8221;default&#8221; width=&#8221;60%&#8221; global_colors_info=&#8221;{}&#8221;][\/et_pb_image][\/et_pb_column][\/et_pb_row][et_pb_row column_structure=&#8221;1_5,1_5,1_5,1_5,1_5&#8243; _builder_version=&#8221;4.23.4&#8243; _module_preset=&#8221;default&#8221; global_colors_info=&#8221;{}&#8221;][et_pb_column type=&#8221;1_5&#8243; _builder_version=&#8221;4.23.4&#8243; _module_preset=&#8221;default&#8221; global_colors_info=&#8221;{}&#8221;][\/et_pb_column][et_pb_column type=&#8221;1_5&#8243; _builder_version=&#8221;4.23.4&#8243; _module_preset=&#8221;default&#8221; global_colors_info=&#8221;{}&#8221;][et_pb_image src=&#8221;http:\/\/stjac.be\/wp-content\/uploads\/2024\/02\/BXL_logo_horiz_FILET_FR_NL.png&#8221; title_text=&#8221;BXL_logo_horiz_FILET_FR_NL&#8221; align=&#8221;center&#8221; _builder_version=&#8221;4.23.4&#8243; _module_preset=&#8221;default&#8221; width=&#8221;70%&#8221; global_colors_info=&#8221;{}&#8221;][\/et_pb_image][\/et_pb_column][et_pb_column type=&#8221;1_5&#8243; _builder_version=&#8221;4.23.4&#8243; _module_preset=&#8221;default&#8221; global_colors_info=&#8221;{}&#8221;][et_pb_image src=&#8221;http:\/\/stjac.be\/wp-content\/uploads\/2020\/05\/Quartier-St-Jacques_logo-bleu.gif&#8221; title_text=&#8221;Quartier-St-Jacques_logo-bleu&#8221; align=&#8221;center&#8221; _builder_version=&#8221;4.23.4&#8243; _module_preset=&#8221;default&#8221; width=&#8221;32%&#8221; global_colors_info=&#8221;{}&#8221;][\/et_pb_image][\/et_pb_column][et_pb_column type=&#8221;1_5&#8243; _builder_version=&#8221;4.23.4&#8243; _module_preset=&#8221;default&#8221; global_colors_info=&#8221;{}&#8221;][et_pb_image src=&#8221;http:\/\/stjac.be\/wp-content\/uploads\/2024\/03\/FWB_VERTI_NOIR.jpg&#8221; title_text=&#8221;FWB_VERTI_NOIR&#8221; align=&#8221;center&#8221; _builder_version=&#8221;4.23.4&#8243; _module_preset=&#8221;default&#8221; width=&#8221;45%&#8221; global_colors_info=&#8221;{}&#8221;][\/et_pb_image][\/et_pb_column][et_pb_column type=&#8221;1_5&#8243; _builder_version=&#8221;4.23.4&#8243; _module_preset=&#8221;default&#8221; global_colors_info=&#8221;{}&#8221;][\/et_pb_column][\/et_pb_row][\/et_pb_section]<\/p>\n","protected":false},"excerpt":{"rendered":"<p>Du 21 avril au 12 mai 2024, rendez-vous les dimanche apr\u00e8s-midi\u00a0dans le Quartier Saint-Jacques de Bruxelles pour un\u00a0festival de musique classique. Les Rendez-Vous Musicaux de Saint-Jacques O\u00f9\u00a0?Dans la superbe \u00e9glise baroque de Notre Dame de Bon Secours, au num\u00e9ro 91 de la rue du March\u00e9 au Charbon \u00e0 1000 Bruxelles. Quand ?Les dimanches 21 avril, [&hellip;]<\/p>\n","protected":false},"author":1,"featured_media":0,"parent":0,"menu_order":0,"comment_status":"closed","ping_status":"closed","template":"","meta":{"_et_pb_use_builder":"on","_et_pb_old_content":"","_et_gb_content_width":"","footnotes":""},"class_list":["post-7537","page","type-page","status-publish","hentry"],"_links":{"self":[{"href":"https:\/\/stjac.be\/index.php?rest_route=\/wp\/v2\/pages\/7537","targetHints":{"allow":["GET"]}}],"collection":[{"href":"https:\/\/stjac.be\/index.php?rest_route=\/wp\/v2\/pages"}],"about":[{"href":"https:\/\/stjac.be\/index.php?rest_route=\/wp\/v2\/types\/page"}],"author":[{"embeddable":true,"href":"https:\/\/stjac.be\/index.php?rest_route=\/wp\/v2\/users\/1"}],"replies":[{"embeddable":true,"href":"https:\/\/stjac.be\/index.php?rest_route=%2Fwp%2Fv2%2Fcomments&post=7537"}],"version-history":[{"count":26,"href":"https:\/\/stjac.be\/index.php?rest_route=\/wp\/v2\/pages\/7537\/revisions"}],"predecessor-version":[{"id":8462,"href":"https:\/\/stjac.be\/index.php?rest_route=\/wp\/v2\/pages\/7537\/revisions\/8462"}],"wp:attachment":[{"href":"https:\/\/stjac.be\/index.php?rest_route=%2Fwp%2Fv2%2Fmedia&parent=7537"}],"curies":[{"name":"wp","href":"https:\/\/api.w.org\/{rel}","templated":true}]}}